l**2 + 3*l + 215. Let d be b(0). What is the greatest common divisor of 205 and d?
5
Let s be (291/15 + (-3)/5)*25. Suppose 17*a - s + 96 = 0. Calculate the greatest common factor of 11 and a.
11
Let o = -80 + 99. Let w = o - -7. Calculate the greatest common factor of w and 338.
26
Let p(s) = -595*s + 10749. Let n be p(-12). Calculate the highest common divisor of 402 and n.
201
Let u be (29 - 1)*(-2)/(-4). Let a be ((-140)/(-12))/(-7)*(-3129)/745. Calculate the greatest common divisor of u and a.
7
Let r = 200 - 189. Suppose -5*n - 10*u + r*u + 72 = 0, 0 = -5*n - 4*u + 87. Calculate the greatest common divisor of n and 165.
15
Let t be (-2)/(-3*(-52)/(-1326)). Suppose 194 = 4*u + 3*y + 2*y, 0 = -5*u + 5*y + 265. Calculate the greatest common factor of t and u.
17
Let k = -11 - -27. Let q = 122424 - 122388. Calculate the greatest common factor of q and k.
4
Let j(y) = -y**2 + y + 80. Let o be j(0). Let v(u) = -5*u - 54. Let p be v(-12). Suppose p*h + 3 = 99. Calculate the greatest common factor of h and o.
16
Let r(d) = 2*d + 4. Suppose -3*q - 14 = -11. Let t be r(q). Suppose -n + 56 = k, -4*k = t*n - 19 - 93. What is the greatest common divisor of 14 and n?
14
Let p be (5/((-50)/(-696)))/((-204)/(-10880)). Calculate the highest common factor of 58 and p.
58
Let g be (-45)/120*-856 + -18. What is the greatest common factor of g and 21008?
101
Let a be (16/(-20))/(12/30). Let l be -1*a*51/6. Let c = -11 + 28. Calculate the greatest common factor of l and c.
17
Let i(j) = -2*j**3 - 31*j**2 - 14*j + 54. Let k be i(-15). Let v = -1 - 6. Let t = k + v. Calculate the greatest common factor of 2 and t.
2
Let w be (-24)/(-8) - 121/(-1). Suppose 0 = 4*n + c + w, 2*c + 0 + 93 = -3*n. Let i = 55 + n. Calculate the highest common divisor of i and 24.
24
Let z be -45 + -4 + (8 - 4). Let r be ((-15)/z)/((-22)/12 - -2). Let j be (3 + -1)*(r - 1). Calculate the greatest common divisor of j and 2.
2
Let c = -230 - -233. Let d be (c + -10)/((-8)/16). What is the greatest common divisor of d and 56?
14
Let b(o) = 11*o - 235. Let n be b(23). Let k(f) = 2*f - 2*f**2 + 0*f + 9 + f**3 - 3*f. Let g be k(0). Calculate the greatest common divisor of n and g.
9
Let x be (1 - 4028/(-18)) + 48/216. Suppose 0 = -232*u + x*u + 1050. What is the greatest common factor of u and 50?
50
Let w be (-210)/(-9) - 9/27. Suppose 3*y + a = -121, w - 128 = 3*y - 3*a. Let v = -19 - y. What is the highest common factor of 4 and v?
4
Let x be (5 - 19/5)/((-4)/(-40)). Let i be (-3)/(6/2) + 8. Let o(n) = n**2 + 7*n - 2. Let h be o(i). What is the highest common divisor of h and x?
12
Let t be 723 + 24/(-16)*64/(-12). What is the greatest common divisor of 17 and t?
17
Suppose -4*t + 58 - 42 = 0, 32793 = 5*p - 3*t. Calculate the greatest common factor of 108 and p.
27
Let a = 4544 + -3233. What is the highest common factor of 114 and a?
57
Let q be (18 + 14)*19/19. Calculate the greatest common factor of 1232 and q.
16
Let f = -66 - -70. Suppose -f*t = -i - 2, 3*i - 33 - 25 = -4*t. Let s(r) = r**2 - 11*r - 27. Let k be s(i). What is the highest common factor of k and 10?
5
Let y = 9503 - 9488. Suppose 3*c - 90 = 5*o, 15 = c + 3*o - 15. Calculate the greatest common divisor of y and c.
15
Let a(q) be the second derivative of q**4/12 - 5*q**3/2 + 40*q**2 - q - 4. Let c be a(19). What is the highest common factor of 13 and c?
13
Suppose -104*d - 66 = -115*d. Let j be ((-1)/(d/(-84)))/((-2)/(-3)). Calculate the greatest common factor of 189 and j.
21
Let l(r) = 3*r**2 - 68 - 7 - 57 + 1936*r - 1930*r. Let b be l(9). Calculate the greatest common divisor of b and 15.
15
Suppose 0 = -107*x - 60*x + 134268. Calculate the highest common divisor of x and 30.
6
Suppose 14*v - 78 = -20 + 26. Calculate the greatest common divisor of 3480 and v.
6
Let h(w) = -2*w**2 - 49*w - 8. Let o be h(-11). Let a = 343 - o. What is the greatest common factor of 351 and a?
27
Let b(l) = 13 - 3*l + 6 + 7*l - 9 - l**2. Let u be b(5). Suppose u*x - 228 = 52. Calculate the highest common divisor of 8 and x.
8
Let z(m) = -m**2 - 3*m + 2120. Let v be z(0). Suppose -12*b = -17*b + v. Calculate the greatest common divisor of 53 and b.
53
Suppose 3*y - 3*y - 5*y = 0. Let i(o) = 1096 - 1066 - o**2 + y*o + 2*o. Let j be i(0). What is the greatest common divisor of 80 and j?
10
Let a(l) = l - 7. Let r be a(10). Let m(s) = s**3 + 5*s - 5. Let o be m(r). Suppose 0 = 4*n - o + 17. Calculate the highest common divisor of 2 and n.
1
Suppose 10*j - 7*j - 14031 = 3*w, 2*j = 4*w + 9358. Let g be 1/9 - 4/((-180)/j). Calculate the highest common divisor of 572 and g.
52
Let u = 444 + -300. Let b = -141 + u. Suppose a - 24 = -k - 0*a, 3*a + 48 = b*k. What is the highest common factor of k and 10?
10
Let z(j) be the third derivative of j**5/12 + 5*j**4/24 - 4*j**3/3 - 39*j**2. Let b be z(-3). Calculate the highest common divisor of b and 242.
22
Suppose 3*p - 5*o = -1019, 0*p = -5*p - 2*o - 1750. Let f = p + 373. Let v be -3*((-56)/6 + 1). Calculate the greatest common divisor of f and v.
25
Suppose 75*l = -96*l + 277*l - 75366. What is the greatest common factor of 171 and l?
9
Let l(s) = -s**3 - 17*s**2 - 31*s. Let w be l(-15). Let x(h) = -h + 27. Let i be x(w). Calculate the highest common divisor of 18 and i.
6
Let f = 676 - 34. Suppose 15*l - f - 138 = 0. Calculate the greatest common divisor of l and 12.
4
Suppose -202*f + 14030 = -141*f. What is the greatest common factor of f and 575?
115
Let d be -10 + (10 - 5) + 397. Let z = 402 - d. Calculate the highest common divisor of z and 770.
10
Suppose -2*q + 3*j = -78, -4*q = 3*j - 203 - 7. Let w = 58 - 134. Let p = -28 - w. Calculate the greatest common factor of p and q.
48
Let q(z) = -z**3 + 10*z**2 - 26*z + 15. Let c be q(9). Let w be 23/(c/(-780)) - -5. Calculate the greatest common divisor of 27 and w.
27
Suppose 0 = -r - 49 + 51. Calculate the greatest common factor of 1752 and r.
2
Suppose 6*i - 2013 - 963 = 0. Suppose -36*u + 44 + i = 0. Calculate the greatest common divisor of u and 225.
15
Suppose 16*t - 300 = 20*t. Let b = -54 - t. Let c = 61 - b. Calculate the highest common divisor of c and 10.
10
Let l = -20085 + 20169. What is the greatest common divisor of 10668 and l?
84
Suppose 3*w - 3*g = -5*g + 235, -2*w + 4*g + 146 = 0. Let b = 29 + w. Calculate the highest common factor of b and 53.
53
Let b = -401 + 425. Let c be (-176)/(-28) + (-2)/7. What is the greatest common divisor of b and c?
6
Let k = 12 - 7. Let q(h) = h**3 - 3*h**2 - 3*h + 4. Let z be q(k). Let f = 487317 + -487291. Calculate the highest common divisor of f and z.
13
Let w = -10939 - -10941. What is the highest common divisor of w and 2236?
2
Let x(n) = -n**2 + 35*n - 260. Let a be x(18). What is the highest common factor of a and 9430?
46
Suppose 1201215*h = 1201267*h - 13104. Let p be (1 - -24) + (-2)/2. What is the greatest common factor of h and p?
12
Let l(u) = -657*u**2 - 11*u + 11. Let w be l(1). Let t be 6*(w/(-39) + 2/13). Calculate the highest common factor of 153 and t.
51
Let c(m) = -491*m - 2690. Let u be c(-6). Calculate the highest common divisor of 736 and u.
32
Suppose -9*p + 126 = -2*p. Suppose -5*c + 49 = a, 5*a - 5*c + 0*c = 95. What is the highest common factor of a and p?
6
Suppose 5*b - 3 - 3 = -3*l, 3*b - 12 = l. Suppose -2*w = 8, -b*i - 15*w + 77 = -11*w. Calculate the greatest common divisor of i and 186.
31
Let c be 80 - (6/(-18) + 1/3). Suppose 25*x - 21*x = -4*m + 1616, 2*m = 3*x - 1192. What is the highest common factor of x and c?
80
Suppose 4*v - 5*h - 2667 = -167, -5*v - 5*h + 3170 = 0. Calculate the highest common divisor of 450 and v.
90
Let d be ((-1236)/3 + -3)*(-568)/355. What is the highest common divisor of 32 and d?
8
Let y = -73 + 99. Let h(d) = 32*d + 1. Let v be h(2). Let g = 67 - v. What is the highest common divisor of y and g?
2
Suppose 19*h = -8502 + 10383. Let b(n) = n - 10. Let k be b(13). Suppose -k*t + 8*t = 55. Calculate the highest common factor of t and h.
11
Let l(p) = -69 + p**2 + 22 + 0*p**2 + 10*p + 19 + 21. Suppose j = -2*j - 39. Let d be l(j). What is the highest common factor of d and 8?
8
Suppose -103*u + 2169 + 6182 - 1656 = 0. What is the greatest common factor of u and 8255?
65
Let p = -118 + 246. Suppose -40 = 2*t - p. Calculate the g